[INFO] cloning repository https://github.com/piisalie/rusty_red
[INFO] running `Command { std: "git" "-c" "credential.helper=" "-c" "credential.helper=/workspace/cargo-home/bin/git-credential-null" "clone" "--bare" "https://github.com/piisalie/rusty_red" "/workspace/cache/git-repos/https%3A%2F%2Fgithub.com%2Fpiisalie%2Frusty_red", kill_on_drop: false }`
[INFO] [stderr] Cloning into bare repository '/workspace/cache/git-repos/https%3A%2F%2Fgithub.com%2Fpiisalie%2Frusty_red'...
[INFO] running `Command { std: "git" "rev-parse" "HEAD", kill_on_drop: false }`
[INFO] [stdout] a9ef578dde85954b08682c984312766e61727ee2
[INFO] checking piisalie/rusty_red against master#af3c6e733a40e671550e0f0f5aeecaa13772ba56 for pr-74989
[INFO] running `Command { std: "git" "clone" "/workspace/cache/git-repos/https%3A%2F%2Fgithub.com%2Fpiisalie%2Frusty_red" "/workspace/builds/worker-6/source", kill_on_drop: false }`
[INFO] [stderr] Cloning into '/workspace/builds/worker-6/source'...
[INFO] [stderr] done.
[INFO] validating manifest of git repo https://github.com/piisalie/rusty_red on toolchain af3c6e733a40e671550e0f0f5aeecaa13772ba56
[INFO] running `Command { std: "/workspace/cargo-home/bin/cargo" "+af3c6e733a40e671550e0f0f5aeecaa13772ba56" "read-manifest" "--manifest-path" "Cargo.toml", kill_on_drop: false }`
[INFO] started tweaking git repo https://github.com/piisalie/rusty_red
[INFO] finished tweaking git repo https://github.com/piisalie/rusty_red
[INFO] tweaked toml for git repo https://github.com/piisalie/rusty_red written to /workspace/builds/worker-6/source/Cargo.toml
[INFO] crate git repo https://github.com/piisalie/rusty_red already has a lockfile, it will not be regenerated
[INFO] running `Command { std: "/workspace/cargo-home/bin/cargo" "+af3c6e733a40e671550e0f0f5aeecaa13772ba56" "fetch" "--locked" "--manifest-path" "Cargo.toml", kill_on_drop: false }`
[INFO] running `Command { std: "docker" "create" "-v" "/var/lib/crater-agent-workspace/builds/worker-6/target:/opt/rustwide/target:rw,Z" "-v" "/var/lib/crater-agent-workspace/builds/worker-6/source:/opt/rustwide/workdir:ro,Z" "-v" "/var/lib/crater-agent-workspace/cargo-home:/opt/rustwide/cargo-home:ro,Z" "-v" "/var/lib/crater-agent-workspace/rustup-home:/opt/rustwide/rustup-home:ro,Z" "-e" "SOURCE_DIR=/opt/rustwide/workdir" "-e" "CARGO_TARGET_DIR=/opt/rustwide/target" "-e" "CARGO_HOME=/opt/rustwide/cargo-home" "-e" "RUSTUP_HOME=/opt/rustwide/rustup-home" "-w" "/opt/rustwide/workdir" "-m" "1610612736" "--user" "0:0" "--network" "none" "rustops/crates-build-env@sha256:d92eaeed33fa75130ca1ee6c8a01d1ffb62bac859dfdfb3450e3e5d1c0146529" "/opt/rustwide/cargo-home/bin/cargo" "+af3c6e733a40e671550e0f0f5aeecaa13772ba56" "metadata" "--no-deps" "--format-version=1", kill_on_drop: false }`
[INFO] [stderr] WARNING: Your kernel does not support swap limit capabilities or the cgroup is not mounted. Memory limited without swap.
[INFO] [stdout] 8ca8d428981b4216e684aa05171db6d96616a513795c5d22b48bb3499fcdebc3
[INFO] running `Command { std: "docker" "start" "-a" "8ca8d428981b4216e684aa05171db6d96616a513795c5d22b48bb3499fcdebc3", kill_on_drop: false }`
[INFO] running `Command { std: "docker" "inspect" "8ca8d428981b4216e684aa05171db6d96616a513795c5d22b48bb3499fcdebc3", kill_on_drop: false }`
[INFO] running `Command { std: "docker" "rm" "-f" "8ca8d428981b4216e684aa05171db6d96616a513795c5d22b48bb3499fcdebc3", kill_on_drop: false }`
[INFO] [stdout] 8ca8d428981b4216e684aa05171db6d96616a513795c5d22b48bb3499fcdebc3
[INFO] running `Command { std: "docker" "create" "-v" "/var/lib/crater-agent-workspace/builds/worker-6/target:/opt/rustwide/target:rw,Z" "-v" "/var/lib/crater-agent-workspace/builds/worker-6/source:/opt/rustwide/workdir:ro,Z" "-v" "/var/lib/crater-agent-workspace/cargo-home:/opt/rustwide/cargo-home:ro,Z" "-v" "/var/lib/crater-agent-workspace/rustup-home:/opt/rustwide/rustup-home:ro,Z" "-e" "SOURCE_DIR=/opt/rustwide/workdir" "-e" "CARGO_TARGET_DIR=/opt/rustwide/target" "-e" "CARGO_INCREMENTAL=0" "-e" "RUST_BACKTRACE=full" "-e" "RUSTFLAGS=--cap-lints=forbid" "-e" "CARGO_HOME=/opt/rustwide/cargo-home" "-e" "RUSTUP_HOME=/opt/rustwide/rustup-home" "-w" "/opt/rustwide/workdir" "-m" "1610612736" "--user" "0:0" "--network" "none" "rustops/crates-build-env@sha256:d92eaeed33fa75130ca1ee6c8a01d1ffb62bac859dfdfb3450e3e5d1c0146529" "/opt/rustwide/cargo-home/bin/cargo" "+af3c6e733a40e671550e0f0f5aeecaa13772ba56" "check" "--frozen" "--all" "--all-targets" "--message-format=json", kill_on_drop: false }`
[INFO] [stdout] b81e96739e3f924eaebcb8cdb4baf6f5eed2e72faa51dcea1a3f727f9f806ee0
[INFO] [stderr] WARNING: Your kernel does not support swap limit capabilities or the cgroup is not mounted. Memory limited without swap.
[INFO] running `Command { std: "docker" "start" "-a" "b81e96739e3f924eaebcb8cdb4baf6f5eed2e72faa51dcea1a3f727f9f806ee0", kill_on_drop: false }`
[INFO] [stderr]     Checking rusty_red v0.0.1 (/opt/rustwide/workdir)
[INFO] [stdout] error: invalid suffix `u` for integer literal
[INFO] [stdout]   --> src/main.rs:13:49
[INFO] [stdout]    |
[INFO] [stdout] 13 |         let mut buffer: Vec<u8> = Vec::from_fn( 10240u, |_| 0 );
[INFO] [stdout]    |                                                 ^^^^^^ invalid suffix `u`
[INFO] [stdout]    |
[INFO] [stdout]    = help: the suffix must be one of the integral types (`u32`, `isize`, etc)
[INFO] [stdout] 
[INFO] [stdout] 
[INFO] [stdout] error: expected one of `)`, `,`, `.`, `?`, or an operator, found `{`
[INFO] [stdout]   --> src/main.rs:23:40
[INFO] [stdout]    |
[INFO] [stdout] 23 |             Ok(stream) => spawn(proc() {
[INFO] [stdout]    |                                       -^ expected one of `)`, `,`, `.`, `?`, or an operator
[INFO] [stdout]    |                                       |
[INFO] [stdout]    |                                       help: missing `,`
[INFO] [stdout] 
[INFO] [stdout] 
[INFO] [stdout] error: invalid suffix `u` for integer literal
[INFO] [stdout]   --> src/main.rs:13:49
[INFO] [stdout]    |
[INFO] [stdout] 13 |         let mut buffer: Vec<u8> = Vec::from_fn( 10240u, |_| 0 );
[INFO] [stdout]    |                                                 ^^^^^^ invalid suffix `u`
[INFO] [stdout]    |
[INFO] [stdout]    = help: the suffix must be one of the integral types (`u32`, `isize`, etc)
[INFO] [stdout] 
[INFO] [stdout] 
[INFO] [stdout] error: expected one of `)`, `,`, `.`, `?`, or an operator, found `{`
[INFO] [stdout]   --> src/main.rs:23:40
[INFO] [stdout]    |
[INFO] [stdout] 23 |             Ok(stream) => spawn(proc() {
[INFO] [stdout]    |                                       -^ expected one of `)`, `,`, `.`, `?`, or an operator
[INFO] [stdout]    |                                       |
[INFO] [stdout]    |                                       help: missing `,`
[INFO] [stdout] 
[INFO] [stdout] 
[INFO] [stdout] error[E0432]: unresolved imports `std::io::TcpListener`, `std::io::TcpStream`
[INFO] [stdout]  --> src/main.rs:1:15
[INFO] [stdout]   |
[INFO] [stdout] 1 | use std::io::{TcpListener, TcpStream};
[INFO] [stdout]   |               ^^^^^^^^^^^  ^^^^^^^^^ no `TcpStream` in `io`
[INFO] [stdout]   |               |
[INFO] [stdout]   |               no `TcpListener` in `io`
[INFO] [stdout] 
[INFO] [stdout] 
[INFO] [stdout] error[E0432]: unresolved imports `std::io::Acceptor`, `std::io::Listener`
[INFO] [stdout]  --> src/main.rs:2:15
[INFO] [stdout]   |
[INFO] [stdout] 2 | use std::io::{Acceptor, Listener};
[INFO] [stdout]   |               ^^^^^^^^  ^^^^^^^^ no `Listener` in `io`
[INFO] [stdout]   |               |
[INFO] [stdout]   |               no `Acceptor` in `io`
[INFO] [stdout] 
[INFO] [stdout] 
[INFO] [stdout] error[E0432]: unresolved imports `std::io::TcpListener`, `std::io::TcpStream`
[INFO] [stdout]  --> src/main.rs:1:15
[INFO] [stdout]   |
[INFO] [stdout] 1 | use std::io::{TcpListener, TcpStream};
[INFO] [stdout]   |               ^^^^^^^^^^^  ^^^^^^^^^ no `TcpStream` in `io`
[INFO] [stdout]   |               |
[INFO] [stdout]   |               no `TcpListener` in `io`
[INFO] [stdout] 
[INFO] [stdout] 
[INFO] [stdout] error[E0432]: unresolved imports `std::io::Acceptor`, `std::io::Listener`
[INFO] [stdout]  --> src/main.rs:2:15
[INFO] [stdout]   |
[INFO] [stdout] 2 | use std::io::{Acceptor, Listener};
[INFO] [stdout]   |               ^^^^^^^^  ^^^^^^^^ no `Listener` in `io`
[INFO] [stdout]   |               |
[INFO] [stdout]   |               no `Acceptor` in `io`
[INFO] [stdout] 
[INFO] [stdout] 
[INFO] [stdout] error[E0425]: cannot find function `spawn` in this scope
[INFO] [stdout]   --> src/main.rs:23:27
[INFO] [stdout]    |
[INFO] [stdout] 23 |             Ok(stream) => spawn(proc() {
[INFO] [stdout]    |                           ^^^^^ not found in this scope
[INFO] [stdout]    |
[INFO] [stdout] help: consider importing this function
[INFO] [stdout]    |
[INFO] [stdout] 1  | use std::thread::spawn;
[INFO] [stdout]    |
[INFO] [stdout] 
[INFO] [stdout] 
[INFO] [stdout] error[E0425]: cannot find function `proc` in this scope
[INFO] [stdout]   --> src/main.rs:23:33
[INFO] [stdout]    |
[INFO] [stdout] 23 |             Ok(stream) => spawn(proc() {
[INFO] [stdout]    |                                 ^^^^ not found in this scope
[INFO] [stdout] 
[INFO] [stdout] 
[INFO] [stdout] error[E0425]: cannot find function `spawn` in this scope
[INFO] [stdout]   --> src/main.rs:23:27
[INFO] [stdout]    |
[INFO] [stdout] 23 |             Ok(stream) => spawn(proc() {
[INFO] [stdout]    |                           ^^^^^ not found in this scope
[INFO] [stdout]    |
[INFO] [stdout] help: consider importing this function
[INFO] [stdout]    |
[INFO] [stdout] 1  | use std::thread::spawn;
[INFO] [stdout]    |
[INFO] [stdout] 
[INFO] [stdout] 
[INFO] [stdout] error[E0425]: cannot find function `proc` in this scope
[INFO] [stdout]   --> src/main.rs:23:33
[INFO] [stdout]    |
[INFO] [stdout] 23 |             Ok(stream) => spawn(proc() {
[INFO] [stdout]    |                                 ^^^^ not found in this scope
[INFO] [stdout] 
[INFO] [stdout] 
[INFO] [stdout] error[E0599]: no function or associated item named `from_fn` found for struct `Vec<_>` in the current scope
[INFO] [stdout]   --> src/main.rs:13:40
[INFO] [stdout]    |
[INFO] [stdout] 13 |         let mut buffer: Vec<u8> = Vec::from_fn( 10240u, |_| 0 );
[INFO] [stdout]    |                                        ^^^^^^^ function or associated item not found in `Vec<_>`
[INFO] [stdout] 
[INFO] [stdout] 
[INFO] [stdout] error[E0599]: no function or associated item named `from_fn` found for struct `Vec<_>` in the current scope
[INFO] [stdout]   --> src/main.rs:13:40
[INFO] [stdout]    |
[INFO] [stdout] 13 |         let mut buffer: Vec<u8> = Vec::from_fn( 10240u, |_| 0 );
[INFO] [stdout]    |                                        ^^^^^^^ function or associated item not found in `Vec<_>`
[INFO] [stdout] 
[INFO] [stdout] 
[INFO] [stdout] error: aborting due to 7 previous errors
[INFO] [stdout] 
[INFO] [stdout] 
[INFO] [stdout] Some errors have detailed explanations: E0425, E0432, E0599.
[INFO] [stdout] 
[INFO] [stdout] For more information about an error, try `rustc --explain E0425`.
[INFO] [stdout] 
[INFO] [stdout] error: aborting due to 7 previous errors
[INFO] [stdout] 
[INFO] [stdout] 
[INFO] [stdout] Some errors have detailed explanations: E0425, E0432, E0599.
[INFO] [stdout] 
[INFO] [stdout] For more information about an error, try `rustc --explain E0425`.
[INFO] [stdout] 
[INFO] [stderr] error: could not compile `rusty_red`.
[INFO] [stderr] 
[INFO] [stderr] To learn more, run the command again with --verbose.
[INFO] [stderr] warning: build failed, waiting for other jobs to finish...
[INFO] [stderr] error: build failed
[INFO] running `Command { std: "docker" "inspect" "b81e96739e3f924eaebcb8cdb4baf6f5eed2e72faa51dcea1a3f727f9f806ee0", kill_on_drop: false }`
[INFO] running `Command { std: "docker" "rm" "-f" "b81e96739e3f924eaebcb8cdb4baf6f5eed2e72faa51dcea1a3f727f9f806ee0", kill_on_drop: false }`
[INFO] [stdout] b81e96739e3f924eaebcb8cdb4baf6f5eed2e72faa51dcea1a3f727f9f806ee0
